s divided by n?
7
Let c(q) = 4*q**2 + 2*q - 22. What is the remainder when c(5) is divided by 23?
19
Let y = -16 + 18. Suppose -555 = -l - y*l. Suppose 0 = 2*c - 6*c - 5*z + 173, 4*c + z - l = 0. Calculate the remainder when c is divided by 24.
23
Suppose 3*v = 6, -m + 9*v - 5*v + 57 = 0. Calculate the remainder when 301 is divided by m.
41
Suppose -3*o = o - 84. Calculate the remainder when o is divided by (-276)/(-34) + (5 - 87/17).
5
Let f = 18 - 19. Let q(b) = 46*b**2 - 2*b. Let v be q(f). Suppose -v - 60 = -4*t. Calculate the remainder when t is divided by 7.
6
What is the remainder when 94 - -2*1 - 0/30 is divided by 48?
0
Suppose j + 128 = -0*j + b, -5*j - 646 = -3*b. Let r = j + 192. What is the remainder when r is divided by (2 + 5)/(1/3)?
19
Let o be (3/2)/(15/(-80)). Let l = o + 10. Let h = 6 + l. What is the remainder when h is divided by 5?
3
Let p(i) = -83*i + 209. What is the remainder when p(-3) is divided by 14?
10
Suppose -5*r + 52 = -63. Let t = 136 - 129. Suppose -t*p + 182 + 287 = 0. What is the remainder when p is divided by r?
21
Let o(m) = m**3 + 7*m**2 - m - 11. Let c be o(-5). Calculate the remainder when ((-1837)/c)/((-2)/8) is divided by 34.
31
Let c(o) = o - 3. Let m be ((-25)/10)/(3/(-6)). Let t be c(m). Suppose -3*r = -4*f + t*f - 38, -f + 46 = 5*r. What is the remainder when 27 is divided by r?
7
Suppose 142*o - 120*o - 2178 = 0. Calculate the remainder when o is divided by ((-3)/((-6)/34))/1.
14
Let b = 186 + -37. Calculate the remainder when b is divided by 15.
14
Suppose 270 = 5*k + 5*k. Calculate the remainder when 131 is divided by k.
23
Let f = -282 - -321. What is the remainder when 61 is divided by f?
22
Let r be 0/((-4)/(-2) + -1 + 0). Suppose z + 5*g - 12 = r, -2*z + 32 = -0*z + 2*g. What is the remainder when (-100)/(-6)*(4 + -1) is divided by z?
16
Let m(r) = 5*r**2 + 8*r - 5. What is the remainder when m(2) is divided by ((-22)/(-10))/(2/10)?
9
Let n be -1 + 3 + -2 - 8. What is the remainder when 2/((-4 - -1 - -4)/17) is divided by n/1*18/(-12)?
10
Let w(u) = -u**2 + 9*u - 2. What is the remainder when w(8) is divided by (-2 + 2 - 2) + 3?
0
Suppose -7 = 2*w - 8*n + 3*n, 4*w - 3*n = 7. Suppose -6*m = a - m - 20, -3*m = -a + 12. Calculate the remainder when a is divided by w.
3
Let x = -58 + 58. Suppose -4*n + 5*n - 23 = x. Calculate the remainder when n is divided by 14.
9
Suppose 0 = 111*b - 109*b - 424. What is the remainder when b is divided by 82?
48
Let b = -3 + 12. Let i = 42 + -17. What is the remainder when i is divided by b?
7
Let n(m) = m**3 + 8*m**2 - 11*m - 4. Let a be n(-8). What is the remainder when 18 is divided by (96/a)/(4/14)?
2
Suppose 28*w - 27*w - r = 165, 0 = -r - 2. Calculate the remainder when w is divided by 55.
53
Suppose 0 = 2*o - 3*o + 38. Calculate the remainder when o is divided by (2/(-5))/((-1)/25).
8
Suppose 6*t - 11 = 37. Suppose -7*z - 21 = -t*z. Suppose s = -s + 82. What is the remainder when s is divided by z?
20
Let x = -2875 + 4762. What is the remainder when x is divided by 14?
11
Suppose -2392 = 90*a - 11842. Suppose 3*z = -0*z + 84. Calculate the remainder when a is divided by z.
21
Let y(x) = -5*x**2 - 2*x + 5. Let l(k) = -4*k**2 - 3*k + 4. Let d(v) = 4*l(v) - 3*y(v). What is the remainder when d(-3) is divided by 3?
1
Calculate the remainder when (-174)/(-18)*6 - -4 is divided by 44.
18
Suppose 3*q - 60 = -3*z, 5*z - 2*q = 3*q + 120. Suppose -17*r + z*r = 90. What is the remainder when 71 is divided by r?
17
Let x(j) = 4*j + 20. Let z be x(11). Suppose 0 = -62*i + z*i - 116. What is the remainder when i is divided by 15?
13
Let i = -301 + 971. Calculate the remainder when i is divided by 48.
46
Suppose m - 13 = 22. What is the remainder when 115 is divided by m?
10
Suppose 3*r + 2 = 32. Suppose 5*m - 80 = -r. Suppose -2*p - 8 = -4*p. Calculate the remainder when m is divided by p.
2
Let i = -7 - -11. Let v = 4 + i. Let p = 6046 + -6031. What is the remainder when p is divided by v?
7
Let r(f) = 8*f + 45. Calculate the remainder when 50 is divided by r(-4).
11
Suppose 100 = 50*a - 900. Calculate the remainder when 76 is divided by a.
16
Let i(f) = -598*f**3 - 2*f**2 + 4 + 600*f**3 + 0*f**2. Calculate the remainder when i(2) is divided by 11.
1
Suppose -5*x = 54 + 51. Calculate the remainder when (x - 2)/(-1) - 4 is divided by 5.
4
What is the remainder when 65 is divided by 286/10 - (-9 - (-215)/25)?
7
Suppose 16*f - 15*f = 20. Calculate the remainder when (-3)/(-5) + 888/f is divided by 23.
22
Let s = -34 + 13. Let h(p) = -p**3 + 119*p**2 + 122*p - 222. What is the remainder when h(120) is divided by s*1*(-1)/3?
4
Calculate the remainder when -8 - -6 - -1 - (-52)/2 is divided by 13.
12
Suppose -4*k = -30 - 374. Let i(n) = -2*n**3 + 7*n**2 + 8*n + 10. What is the remainder when k is divided by i(4)?
23
Let h(a) = 6*a + 35. Let c be h(0). Let i = c - 12. What is the remainder when i is divided by 13?
10
Calculate the remainder when 134 is divided by (13 - 276/24)/(3/70).
29
Let j(m) be the second derivative of m - 1/12*m**4 - 13/2*m**2 + 2*m**3 + 0. What is the remainder when 11 is divided by j(10)?
4
Suppose -603 = -5*s + 3*v, -2*s = 5*v - 164 - 102. Calculate the remainder when s is divided by 25.
23
Let m(j) = -j**2 - 7*j + 10. Let g be m(-7). Let k = -13 + g. What is the remainder when (k - -2)/((-3)/111) is divided by 19?
18
Suppose -6 = -p - 2*c, -5*p - 3*c = -8*c - 30. Calculate the remainder when (78/5)/(5/100*p) is divided by 19.
14
Let m = -13 + 21. What is the remainder when m is divided by (85/(-51))/(3/(-9))?
3
Let h(n) = -n**3 + 6*n**2 + 7*n + 4. Let d be h(7). Suppose d*c - 80 = -c. Suppose c + 39 = 5*s. What is the remainder when s is divided by 6?
5
Let j be 24 - 25 - (-5)/(10/48). Suppose 2*d - 2*a - 74 = 0, -2*d - 2*a + 71 = -j. Calculate the remainder when d is divided by 23.
19
Suppose -3*w = w - 2*i + 16, -w - 2 = -i. Let u(c) = c**3 + 7*c**2 + 4*c + 4. What is the remainder when 28 is divided by u(w)?
12
Suppose 2*m + 30 - 110 = 0. Suppose -a + m = 3*a. Suppose t + 2*t = 81. Calculate the remainder when t is divided by a.
7
Suppose 2*z + 65 = g, -5*g + 235 = -3*z - 118. Calculate the remainder when g is divided by 52.
21
Let z(i) = 4*i**2 + 36*i - 126. What is the remainder when z(13) is divided by 12?
10
What is the remainder when 12*2*-1*1000/(-300) is divided by 30?
20
Let k(q) = 17*q**2 + q + 2. Let v be k(-1). What is the remainder when (-1 + 4)/(v/282) is divided by 8?
7
Suppose -5*n + 0*n + 50 = 5*x, -n + 3*x = -6. What is the remainder when 42 is divided by 33/(n*(-4)/(-24))?
20
Let b be -3*(-2)/(-4)*-30. Suppose -4*k + 31 + b = -a, 76 = 4*k - 5*a. Let h = -76 - -87. Calculate the remainder when k is divided by h.
8
What is the remainder when ((-117)/(-3))/(((-6)/14)/(-3)) is divided by 55?
53
Suppose 74 = 4*i - 2*h, 5*h - 38 - 17 = -2*i. Let o = i - -3. Let s = -19 - -63. What is the remainder when s is divided by o?
21
Let g(u) = 0*u**3 - 6*u**2 + u**3 + 0*u**3 + 8 - u. Let t be g(6). Suppose 16 = t*p + 4*l, 5*l = -2*p + 7 + 11. Calculate the remainder when p is divided by 2.
0
Suppose 2*j - 11*j = 0. Suppose j = 4*m + 5*n - 49, 0*m + 3*n = -4*m + 39. What is the remainder when 28 is divided by m?
4
Suppose 0 = 4*u - 2*u. Suppose -2*n = 4*s - 10, u*s - 15 = -n + 3*s. Calculate the remainder when 22 is divided by n.
4
Let p(g) = -5*g - 15. Let r be p(-4). Suppose 94 = r*n - 86. Calculate the remainder when n is divided by 19.
17
Suppose 5*x - 34 - 1 = 0. Suppose 0 = -4*j + 6*l - 2*l + 24, -3*j + 10 = l. Calculate the remainder when j + 12 - (1 + -3) is divided by x.
4
Let u(n) = n**3 + n + 9. Let g(x) = x**3 + 2*x**2 - x - 2. Let p be g(-2). Let i(q) = -15*q - 4. Calculate the remainder when i(-2) is divided by u(p).
8
Let u = 137 + -68. Calculate the remainder when u is divided by 7.
6
Suppose -4*y + 177 = -3*w, 2*w = -y + 2*y - 43. Suppose 4*r + 163 = -y. Let z = r + 86. Calculate the remainder when 133 is divided by z.
31
Suppose -k = -3*k - 4*l - 12, 4*k + 4 = -3*l. Calculate the remainder when 21 is divided by k.
1
Let b be (5 - (4 - 1)) + 24. Suppose 2*s + i - 32 = 0, 0 = -2*s - 0*s + 2*i + b. What is the remainder when 48 is divided by s?
3
Suppose -189*m = -195*m + 420. Calculate the remainder when m is divided by